{"id":1916,"date":"2020-04-02T15:21:23","date_gmt":"2020-04-02T13:21:23","guid":{"rendered":"http:\/\/liremarx.noblogs.org\/?page_id=1916"},"modified":"2020-04-03T11:34:26","modified_gmt":"2020-04-03T09:34:26","slug":"p-1998","status":"publish","type":"page","link":"https:\/\/liremarx.noblogs.org\/?page_id=1916","title":{"rendered":"Publications autour de Marx &#8211; 1998"},"content":{"rendered":"<p><strong>Richard Rorty<\/strong>: Das Kommunistische Manifest 150 Jahre danach: Gescheiterte Prophezeiungen, glorreiche Hoffnungen, Frankfurt\/M. 1998.<\/p>\n<p><strong>J\u00fcrgen Rojahn<\/strong>: Edition im Spannungsfeld von Politik und Wissenschaft (Marx\/Engels), in: Die Funktion von Editionen in Wissenschaft und Gesellschaft. Ringvorlesung des Studiengebiets Editionswissenschaft an der Freien Universit\u00e4t Berlin. Hrsg. von Hans-Gert Roloff, Berlin 1998, S. 133-204.<\/p>\n<p><strong>Mario Cingoli<\/strong>: Friedrich Engels cent\u2019anni dopo. Ipotesi per un bilanco critico, hrsg. von Mario Cingoli, Milano 1998 (ISBN 88-7039-438-7).<\/p>\n<p><strong>Christopher J. Arthur and Geert Reuten<\/strong>: The Circulation of Capital. Essays on Volume Two of Marx\u2019s Capital, ed. by Chrisopher J. Arthur and Geert Reuten, London, New York 1998 (ISBN 0-333-68015-4).<\/p>\n<p><strong>Erhard Kiehnbaum<\/strong>: \u201eW\u00e4re ich auch zuf\u00e4llig ein Million\u00e4r geworden, meine Gesinnungen und \u00dcberzeugungen w\u00fcrden dadurch nicht gelitten haben \u2026\u201c. Friedrich Annekes Briefe an Friedrich Hammacher 81846-1859, Nachrichten aus dem Engels-Haus, Bd. 11, Wuppertal 1998 (ISBN 3-87707-518-5).<\/p>\n<p><strong>Posti\u017eenie Marksa<\/strong>. Po materialam me\u017edunarodnoj nau\u010dnoj konferencii, posvja\u0161\u010dennoj 180-letiju so dnja ro\u017edenija K. Marksa, Moskva 1998 (ISBN 5-7218-0177-8.)<\/p>\n<p><strong>Karl Marx\/Friedrich Engels<\/strong>, Soukoukanzenhukugenban Doitsu Ideorogii [Die vollst\u00e4ndig wiederhergestellte Ausgabe der Manuskripte. Die Deutsche Ideologie] (Vorrede und I. Kapitel des ersten Bandes). Ins Japanische \u00fcbersetzt und herausgegeben von Tadashi Shibuya, Tokio 1998.<br \/>\nRezension: Moon-Gil Chung, BMEF. Neue Folge 2001, S. 285-292.<\/p>\n<p>Bibliographie der koreanischen \u00dcbersetzungen der Marx-Engels-Werke, bearbeitet von Moon Gil-Chung, Seoul 1998, 28 S.<\/p>\n<p><strong>Frank Borschel<\/strong>: Exkurs zur Marxschen Werttheorie, Berlin 1998 (ISBN 3-933345-00-6).<\/p>\n<p id=\"titre\" class=\"notice\"><span class=\"\">Il cane di fuoco e l&rsquo;aristocratico da letamaio : dispute nello spazio tra Marx, Nietzsche ed altri, Giuseppe Turco Liveri, <\/span><span class=\"notice-label\">Publication\u00a0:\u00a0<\/span><span class=\"\">Roma : A. Armando, cop. 1998<\/span><\/p>\n<p id=\"titre\" class=\"notice\"><span class=\"\">Marx&rsquo;s attempt to leave philosophy, Daniel Brudney, <\/span><span class=\"notice-label\">Publication\u00a0:\u00a0<\/span><span class=\"\">Cambridge (Mass.) ; London : Harvard university press, 1998<\/span><\/p>\n<p id=\"titre\" class=\"notice\"><span class=\"\">Marx und Engels : Konvergenzen &#8211; Divergenzen, <\/span><span class=\"notice-label\">Publication\u00a0:\u00a0<\/span><span class=\"\">Hamburg : Argument-Verl., cop. 1998, Beitr\u00e4ge zur Marx-Engels-Forschung : Neue Folge<br \/>\n<\/span><\/p>\n<p id=\"titre\" class=\"notice\"><span class=\"\">The postmodern Marx, Terrell Carver, <\/span><span class=\"notice-label\">Publication\u00a0:\u00a0<\/span><span class=\"\">Manchester : Manchester university press, cop. 1998<\/span><\/p>\n<h1>En fran\u00e7ais<\/h1>\n<p id=\"titre\" class=\"notice\"><span class=\"\">Marx, penseur du possible, Michel Vad\u00e9e ; pr\u00e9f. du Prof. Jacques d&rsquo;Hondt, <\/span><span class=\"notice-label\">Publication\u00a0:\u00a0<\/span><span class=\"\">Paris ; Montr\u00e9al : l&rsquo;Harmattan<br \/>\n<\/span><\/p>\n<p id=\"titre\" class=\"notice\"><span class=\"\">Mat\u00e9rialisme et humanisme : D\u00e9mocrite, Epicure, Lucr\u00e8ce, Goethe, Marx, Georges Cogniot ; textes choisis et pr\u00e9sent\u00e9s par L\u00e9o Figu\u00e8res ; introd. d&rsquo;Auguste Dumeix et L\u00e9o Figu\u00e8res, <\/span><span class=\"notice-label\">Publication\u00a0:\u00a0<\/span><span class=\"\">Pantin : le Temps des cerises, 1998<\/span><\/p>\n<p id=\"titre\" class=\"notice\"><span class=\"\">Philosophies de l&rsquo;actualit\u00e9 : Marx, Sartre, Arendt, Levinas, <\/span><span class=\"notice-label\">Publication\u00a0:\u00a0<\/span><span class=\"\">Paris : Centre national de documentation p\u00e9dagogique : \u00ab\u00a0Passages\u00a0\u00bb, 1998<\/span><\/p>\n<p id=\"titre\" class=\"notice\"><span class=\"\">R\u00e9volution et d\u00e9mocratie chez Marx et Engels, Jacques Texier, <\/span><span class=\"notice-label\">Publication\u00a0:\u00a0<\/span><span class=\"\">Paris : Presses universitaires de France, 1998<\/span><\/p>\n","protected":false},"excerpt":{"rendered":"<p>Richard Rorty: Das Kommunistische Manifest 150 Jahre danach: Gescheiterte Prophezeiungen, glorreiche Hoffnungen, Frankfurt\/M. 1998. J\u00fcrgen Rojahn: Edition im Spannungsfeld von Politik und Wissenschaft (Marx\/Engels), in: Die Funktion von Editionen in Wissenschaft und Gesellschaft. Ringvorlesung des Studiengebiets Editionswissenschaft an der Freien &hellip; <a href=\"https:\/\/liremarx.noblogs.org\/?page_id=1916\">Continuer la lecture <span class=\"meta-nav\">&rarr;<\/span><\/a><\/p>\n","protected":false},"author":14481,"featured_media":0,"parent":0,"menu_order":0,"comment_status":"closed","ping_status":"closed","template":"","meta":{"footnotes":""},"class_list":["post-1916","page","type-page","status-publish","hentry"],"_links":{"self":[{"href":"https:\/\/liremarx.noblogs.org\/index.php?rest_route=\/wp\/v2\/pages\/1916","targetHints":{"allow":["GET"]}}],"collection":[{"href":"https:\/\/liremarx.noblogs.org\/index.php?rest_route=\/wp\/v2\/pages"}],"about":[{"href":"https:\/\/liremarx.noblogs.org\/index.php?rest_route=\/wp\/v2\/types\/page"}],"author":[{"embeddable":true,"href":"https:\/\/liremarx.noblogs.org\/index.php?rest_route=\/wp\/v2\/users\/14481"}],"replies":[{"embeddable":true,"href":"https:\/\/liremarx.noblogs.org\/index.php?rest_route=%2Fwp%2Fv2%2Fcomments&post=1916"}],"version-history":[{"count":4,"href":"https:\/\/liremarx.noblogs.org\/index.php?rest_route=\/wp\/v2\/pages\/1916\/revisions"}],"predecessor-version":[{"id":1945,"href":"https:\/\/liremarx.noblogs.org\/index.php?rest_route=\/wp\/v2\/pages\/1916\/revisions\/1945"}],"wp:attachment":[{"href":"https:\/\/liremarx.noblogs.org\/index.php?rest_route=%2Fwp%2Fv2%2Fmedia&parent=1916"}],"curies":[{"name":"wp","href":"https:\/\/api.w.org\/{rel}","templated":true}]}}